ist the prime factors of t.
2
Let u(r) = 21*r**3 + 3*r**2 - 7*r - 8. Let z be u(4). Let c = z + -788. What are the prime factors of c?
2, 71
Let z = 12123 - 4106. Suppose -4*m + z = -4*q + 2605, -2*m - 5*q + 2720 = 0. What are the prime factors of m?
5, 271
Let t(d) = -5*d - 11. Let a be t(-7). Suppose a*s - 42 = 17*s. Let u = 81 + s. List the prime factors of u.
3, 29
Let k = -941 + 4353. What are the prime factors of k?
2, 853
Let g = -67573 + 141679. List the prime factors of g.
2, 3, 23, 179
Let a = 36 - 116. Let z = -136 - a. List the prime factors of (z/(-3))/((-2)/(-3)).
2, 7
Let b(z) = 11*z**3 - 14*z**2 + 31*z + 5. What are the prime factors of b(8)?
3, 1663
Let t(g) = 188*g + 2*g**2 + 43 - 254*g + 42. What are the prime factors of t(34)?
3, 17
Suppose -8*h + 7*h + 9 = 0. Let w be 24/h*(-9)/(-12). Suppose 96 = 4*f + w*a - 334, 4*a = 4*f - 400. List the prime factors of f.
3, 5, 7
Let i(l) be the third derivative of l**6/12 - l**5/30 + l**4/12 + l**3/3 - l**2 + 20*l. List the prime factors of i(3).
2, 5, 13
Suppose 12*h = 14*h - 6. Let r = -12 + -18. What are the prime factors of ((-154)/35)/(h/r)?
2, 11
List the prime factors of ((-30)/(-18)*-2)/(((-3)/1)/38790).
2, 5, 431
Let m(f) = 21*f**3 + 2*f**2 + 5*f - 4. List the prime factors of m(2).
2, 7, 13
What are the prime factors of (34 + -32)/(((-1)/7071)/(-1))?
2, 3, 2357
Let k(h) = -h**3 + 9*h**2 - 3*h + 25. Let q be k(9). Let g(b) = 38*b**2 - 2*b + 1. Let a be g(q). Let v = -16 + a. List the prime factors of v.
3, 47
Let z(y) be the third derivative of -y**4/24 + 11*y**3/2 - 8*y**2. Let v be z(12). Suppose 3*a - 156 = v. What are the prime factors of a?
59
Let b(t) = -t**2 - t + 10. Let g be b(-7). What are the prime factors of (g/1)/8 + 156?
2, 19
Let f(h) = 15*h**2 + 5*h - 199. What are the prime factors of f(-23)?
7621
Let y(t) = 16*t + 6. Let k be y(-3). Let n be 50/6*-2*k/(-5). List the prime factors of ((-7)/(-2))/(3 - (-415)/n).
2, 7
Let o = -19322 + 36020. What are the prime factors of o?
2, 3, 11, 23
Let o = -8532 - -17926. What are the prime factors of o?
2, 7, 11, 61
Let n be ((-576)/30)/4*(-5)/2. Let j = 32 - n. Suppose 488 - j = 3*f. List the prime factors of f.
2, 3, 13
Suppose -37*n + 42*n - 64753 = -j, -n - 3*j + 12959 = 0. What are the prime factors of n?
2, 5, 7, 37
Suppose 0*l = -2*l + 10. Suppose 9 = 4*r - o, -3*r = -7*r + l*o + 29. List the prime factors of (r/(-2))/((-1)/106).
53
Let z(f) = -90*f**3 + 4*f**2 - f + 8. What are the prime factors of z(-5)?
11, 1033
Let s = -126 + 412. Suppose 2*h + s = 2*a, 3*a + 3*h + 145 = 4*a. Suppose 5*m = o + 549 - 161, 0 = 2*m + 4*o - a. What are the prime factors of m?
7, 11
Let j be ((-16)/28 - 987/(-98))*22. Suppose -j = -c - 0*c - h, 4*h = c - 234. What are the prime factors of c?
2, 107
Suppose -4*z - v = -2*v + 5, -z - 3*v + 2 = 0. List the prime factors of (20564/(-291))/(2/6*z).
2, 53
Let b(p) = -10*p + 60. Let k be b(6). List the prime factors of (k + 3/6)*-173*-4.
2, 173
Let f = -58 - -40. Let r(x) = 4*x**2 + 36*x - 5. Let y be r(-11). Let m = f + y. What are the prime factors of m?
5, 13
Suppose 5*s - 5 = -2*a - 2, 4*s + 5*a = 16. Let q be s/4*2*-1214. Suppose 3*m - q = -4*t, 5*t = -5*m + 2*t + 997. What are the prime factors of m?
197
Let o be 2/8*0*1/(-1). Suppose o = 5*u + 5*n + 35, -2*u - n = -0*u + 11. List the prime factors of 351/(-2)*(u - (-60)/18).
3, 13
Let g(k) be the third derivative of 23*k**5/60 - k**4/24 + 3*k**3 + 37*k**2. Let o be g(8). Suppose 0 = -15*z + o + 678. What are the prime factors of z?
2, 3
Let p = 716 + -218. Let y be (((-320)/(-12))/(-8))/((-4)/p). Suppose -3*t = 142 - y. What are the prime factors of t?
7, 13
Suppose 5*b + 5*m = 100, -3*m = -3*b + 2*m + 28. Suppose 2*a - a - 62 = -5*k, 2*k - 4*a = b. What are the prime factors of (-15)/(k/30 + (-22)/30)?
3, 5
Let m(w) = -w**3 + 7*w**2 + 5*w + 3. Let c be m(7). Let n = -2 - c. List the prime factors of 135/(-2)*n/50.
2, 3
Suppose 0 = 9*s - 158 - 661. Let k be 5 + (-26)/s + 19/(-7). Suppose 5*m + 4*t - k*t - 488 = 0, -1 = t. List the prime factors of m.
2, 7
Let w be ((-3)/21 - -1)*(-70)/(-15). Suppose -3*q - 5*r - 8 = 0, 6*r + w = -5*q + 7*r. List the prime factors of 18/(-3) - (q + -2) - -189.
2, 3, 31
Suppose -216064 - 349336 = -20*s. What are the prime factors of s?
2, 5, 11, 257
Suppose -865 = -8*p + 5535. Suppose -4*m - 5*o + 782 + p = 0, 0 = 4*m - 2*o - 1596. What are the prime factors of m?
2, 199
Let d(i) = -i**3 + 5*i**2 + 11*i - 7. Let l(w) = -w**2 + 23*w - 55. Let y be l(15). Let r = 69 - y. What are the prime factors of d(r)?
53
Let d be (-134)/(-10) + (88/(-20) - -4). Suppose -d*h = -8*h - 35. Suppose -h*c + 246 = -580. List the prime factors of c.
2, 59
Suppose 2*a - 2665 = 5*q, 4*q - 3*a + 2132 = 2*a. Let r = q - -810. List the prime factors of r.
277
Let p(n) = 1039*n**2 + 7*n - 6. Let a be -9*8/(-74 + 2). List the prime factors of p(a).
2, 5, 13
Let q(r) = 2*r**3 - r**2 - 2*r + 3. Let g(p) = 6*p - 21 - p**3 + 13*p**2 + 9*p - 31*p + 6*p. Let y be g(12). What are the prime factors of q(y)?
2, 3, 7
List the prime factors of 22/(-110) + (86568/20)/2.
2, 541
Let l(k) = k**3 + 8*k**2 + k + 10. Let t be l(-8). Suppose 3*f - t*z = 1136, -1871 = -5*f - 2*z + 17. List the prime factors of f.
2, 3, 7
Let d = -141 + 217. Suppose -2*k - 5*p + d = 0, 2*k = k - 5*p + 33. List the prime factors of k.
43
Let a(i) = 1442*i**2 + 10*i + 10. List the prime factors of a(-2).
2, 2879
Let i(u) = 785*u + 595. List the prime factors of i(14).
5, 7, 331
Let x = -35469 - -74416. What are the prime factors of x?
17, 29, 79
Suppose 9*u = 4*u. Suppose u = b - 245 - 553. What are the prime factors of b?
2, 3, 7, 19
Suppose -y - 4*o - 18 + 1 = 0, 0 = -2*y + o + 11. Suppose -n - y*r = -0*n - 159, 867 = 5*n - 3*r. Suppose 2*s - n - 253 = 0. What are the prime factors of s?
2, 53
Let r be 2*(-1 + 0) - -443. Let y(a) = 5*a + 147. Let d be y(15). Let o = r - d. List the prime factors of o.
3, 73
Suppose 8880 = 4*u - 2*m, -3*u + 3*m = -u - 4444. Suppose -7*q + u + 1708 = 0. What are the prime factors of q?
3, 11, 17
Let w be (-2)/8 - 1246/(-56). Let a = 59 - w. Let k = 72 - a. What are the prime factors of k?
5, 7
Let j(t) = 3*t**2 + 7*t - 12. Let f be j(-5). Suppose f*a + 1965 = 33*a. List the prime factors of a.
3, 131
Let d = 1512 + -621. List the prime factors of d.
3, 11
Suppose -86199 + 2439 = -11*d + 3*d. What are the prime factors of d?
2, 3, 5, 349
Suppose -1633 = -7*u + 6*u - 186. List the prime factors of u.
1447
Let n(x) be the third derivative of x**6/120 + 7*x**5/60 + 5*x**4/24 - x**3/6 + 20*x**2. Let b be n(-3). Let v = 33 + b. List the prime factors of v.
53
Suppose 52178 = 63*l - 49*l. Suppose 12*q - 2933 = l. List the prime factors of q.
3, 5, 37
Let x = 580 + -295. Let h = x - -12. What are the prime factors of h?
3, 11
Let u(d) = 47*d**3 + 21*d**2 - 152*d + 43. List the prime factors of u(7).
127
Let k(p) = p**3 + 13*p**2 + 15*p + 32. Let c be k(-12). Let i = 42 + -30. What are the prime factors of 3*c/i - -4?
3
Let k(q) = -2*q**3 - 7*q**2 + 13*q - 9. Let s(u) = -u**2 + u - 1. Let l(b) = k(b) - 4*s(b). List the prime factors of l(-6).
5, 53
Suppose 0 = -130*t + 70*t + 419700. List the prime factors of t.
5, 1399
Suppose 0 = -6*n - 71656 + 77860. List the prime factors of n.
2, 11, 47
Suppose 5*x - x = -2*q - 4, 3*q + 3*x + 6 = 0. Let m be (1 + 3)/2 - q. Suppose 7*y + 68 = 2*h + 2*y, -m*y = 4*h - 136. What are the prime factors of h?
2, 17
Suppose 5*a - 8 = -3*j, 2*a + 5*j = 7*j + 16. Suppose -f = 3, a*f = 4*z + 10 - 2. List the prime factors of ((-370)/(-4))/(z/(-10)).
5, 37
Suppose -4*g + 0 = -2*b - 8, 5*g - 5 = 5*b. Suppose p - 195 = -43. Suppose 0 = b*x - 2*j - p, -8*j + 15 = -3*j. List the prime factors of x.
79
Let b(p) = 10*p**2 + 59*p - 1335. List the prime factors of b(-65).
2, 3, 5, 103
Let i = -851 + 807. Let o = -53 - 8. Let b = i - o. List the prime factors of b.
17
Let b(o) = 3050*o**2 + 4*o + 3. Let h be b(-1). Let d = -1891 + h. List the prime factors of d.
2, 3, 193
Suppose m = -63*m - 107185 + 756017. What are the prime factors of m?
2, 37, 137
List the prime factors of (-61626)/(-60)*-35*4/(-7).
2, 10271
Suppose 7*j - 70 + 35 = 0. Suppose 4*l - 1416 = -j*h + 8*l, 0 = h - 4*l - 296. List the prime factors of h.
2, 